9)?
14
Let r = 42 + -47. Suppose -3*m + 2*m + 20 = 0. What is the remainder when (-1 - 3/r) + 574/10 is divided by m?
17
What is the remainder when 14158 is divided by ((-2)/5)/(19227/520 + -37)?
14
Let l = 197 - 162. Let i = 45 - l. Calculate the remainder when 47 is divided by i.
7
Let v(c) = 5*c**2 + 84*c + 93. Calculate the remainder when v(-19) is divided by 51.
47
Suppose -221 = 442*s - 446*s - 77. What is the remainder when 534 is divided by s?
30
Let t = -3887 - -4065. What is the remainder when t is divided by 131?
47
Suppose 3*i = -5*m - 6, i - 6 = 4*m + 4*i. Suppose 15*r + 4*r - 399 = m. Let q(b) = b**2 - b - 1. Calculate the remainder when q(7) is divided by r.
20
Suppose 35 = 3*o - 4*u - 13, -3*u = -4*o + 57. Let l = -3022 - -3091. Calculate the remainder when l is divided by o.
9
Let p = -40935 - -40998. What is the remainder when 247 + 2/(3 + -1) is divided by p?
59
Suppose 0 = 4*p - 2*g - 452, 5*g - 4*g + 2 = 0. Let x = 225 - 205. What is the remainder when p is divided by x?
12
Suppose -13*j = -15*j - 82. Let b = 158 + j. Calculate the remainder when b is divided by 40.
37
Suppose -138*p - 2023 = -160*p + 9131. What is the remainder when p is divided by 237?
33
Let j(s) = 3*s - 13. Let u be j(-8). Let t = u + 40. What is the remainder when t is divided by (2/(-5))/(7 + (-396)/55)?
1
Let d(v) = v**2 - v - 101. Let t be d(0). Let q = t + 153. What is the remainder when q is divided by 22?
8
Let b(h) = -2*h**3 + 195*h**2 - 456*h - 168. Calculate the remainder when b(95) is divided by 7.
6
Suppose -w + 13 = 5*r, -2*r - 2*w - 5 = -7. Suppose r*x = -3*x + 174. Calculate the remainder when 64 is divided by x.
6
Suppose -13*l - 452 = -491. Let o = -5 - -6. Suppose 4*n + o = 25. Calculate the remainder when n is divided by l.
0
Suppose 17 = 7*g + 3. Calculate the remainder when 230*1/g + (-2 - 0) is divided by 43.
27
Let w(d) = 8*d - 40. Let b be w(6). Let p(l) = -l**3 + 11*l**2 - 15*l + 12. Let h be p(b). Let q = h - 67. What is the remainder when 33 is divided by q?
16
Let d = -794934 + 795159. Calculate the remainder when d is divided by (6/(-4) + 1)*-92.
41
Suppose h = -2*n + 20, 68 = 4*h + 162*n - 158*n. Calculate the remainder when 207 is divided by h.
11
Let p(x) = 3*x**2 - 40*x - 129. What is the remainder when (4/(-6))/((-2)/210) is divided by p(-3)?
16
Suppose -44*o - 5*j = -48*o + 1083, o = 2*j + 270. What is the remainder when o is divided by 46?
42
Let c = -87 + 189. Suppose -70 - 70 = -5*x. Calculate the remainder when c is divided by x.
18
Calculate the remainder when 65 is divided by (9 + -7)*14/4.
2
Suppose 0 = 5*y + k - 1655, -k - 1640 = -5*y + k. Suppose -y*p + 336*p - 1020 = 0. Suppose 11 = n - 8. Calculate the remainder when p is divided by n.
18
Let p = -81 + 97. Suppose 2*b - 224 = -543*y + 538*y, -5*b = 3*y - 142. Calculate the remainder when y is divided by p.
12
Let v(b) = -b**3 - 22*b**2 - 26*b + 333. Calculate the remainder when 728 is divided by v(-20).
39
Let b(o) = -58*o - 7. Let y = -12 + 11. What is the remainder when 405 is divided by b(y)?
48
Suppose 31*x + 5313 = 8*x. Let n = -205 - x. What is the remainder when n is divided by 14?
12
Let a(j) = -272*j - 1072. Calculate the remainder when 2830 is divided by a(-4).
14
What is the remainder when 4286 is divided by (-20905)/148*(-12)/15?
105
Suppose 2871 = 5*f - 5129. Calculate the remainder when ((-22)/8)/((-16)/f) is divided by 12.
11
Suppose -460*z + 77567 - 6267 = 0. What is the remainder when z is divided by (86 - 2) + -2 + 0?
73
Calculate the remainder when (-14)/2 + (-13)/(273/(-9513)) is divided by 28.
26
Let a(w) = -2*w**2 - 24*w - 26. Let b be a(-21). Let l = b - -412. What is the remainder when 126 is divided by l?
6
Let p be (-34)/6 + 14/21. Let t be 25/p - (-1 + -1). Calculate the remainder when 9/(-5)*15/t is divided by 4.
1
Suppose -1530 = -304*a + 286*a. What is the remainder when 330 is divided by a?
75
Let z(y) = y**2 - 10*y - 157. What is the remainder when 4/8 - 614/(-4) is divided by z(-10)?
25
Let q(y) = -4*y - 28. Let j be 0 + (-1 - 6) - 42/42. Calculate the remainder when ((-9)/2)/(9/(-24)) is divided by q(j).
0
Let l = 3304 + -3250. Calculate the remainder when 241 is divided by l.
25
Let f = 41450 + -41438. Calculate the remainder when (-88)/(-3) - (-1)/(-3) is divided by f.
5
Let w = 103 + -82. What is the remainder when 3 + 48/(2 - -2) is divided by 47/5 - (-1 + w/15)?
6
Let l = -183 - -417. Suppose l = 6*k - 228. Suppose 0 = 2*h + h - 60. Calculate the remainder when k is divided by h.
17
Let r be (-3 - (0 + -2))*(15 - 0). Calculate the remainder when 30 is divided by 4 + r*(-5)/(16 - 1).
3
Suppose -4 - 26 = 5*y. What is the remainder when (605/33)/((-1)/y) is divided by 19?
15
Suppose 8*y = 9*y - 3*n - 274, 870 = 3*y + 3*n. Suppose -15*a = -29 - y. What is the remainder when 68 is divided by a?
5
Suppose 0 = 14*r - 5701 + 1081. Let k = -221 + r. Calculate the remainder when k is divided by 28.
25
Let b = 16 + 2. What is the remainder when (1 - 7)/(-6) + b is divided by 7?
5
Let s be 16*(-35)/(-10)*(-2)/(-28). Calculate the remainder when -54*(6/9)/(s/(-16)) is divided by 49.
46
Suppose 2*g + k = 6*g - 14232, -20 = -5*k. What is the remainder when g is divided by 21?
10
Suppose 0 = 4*s + 12, -2*l + 169 = -4*s + 5*s. Let p = l - 28. Suppose 0 = c - 14 + 2. Calculate the remainder when p is divided by c.
10
Let i = -74 + 126. What is the remainder when ((-2106)/i)/(3/(-4)) is divided by 11?
10
Let g(x) = -x**2 - 12*x + 47 - 9*x - 120. What is the remainder when 52 is divided by g(-9)?
17
Let t = 1029 + -1002. Let l(z) = 3*z**3 - 3*z**2 + z + 1. Let j be l(2). Calculate the remainder when t is divided by (-1 + j)/(5 - 4).
13
Let i(d) = -d + 2. Let t(l) = 2*l**3 - 11*l**2 + 40*l - 327. What is the remainder when t(7) is divided by i(-4)?
4
Suppose -2*l - 4*w - 496 = 0, 33*l - 32*l + 243 = 3*w. Let k = l - -258. Calculate the remainder when 235 is divided by k.
7
Let u = 6323 + -5716. Calculate the remainder when u is divided by 268.
71
Suppose 3*k - 459 = -2*q, -303*k = 2*q - 304*k - 431. What is the remainder when q is divided by 103?
13
Let k be ((-224)/(-10))/((-66)/(-495)). Suppose k = 33*o - 63. Suppose -4*t - 78 + 214 = 0. What is the remainder when t is divided by o?
6
Suppose n = -3*x - x, -5*n + 5*x = -75. Let m = 175 + -116. Calculate the remainder when m is divided by n.
11
Let c = 8589 - 8510. What is the remainder when 11137 is divided by c?
77
Let w be 602/4 - (-4)/(-8). Suppose -3*k = -8*k + w. Suppose 0 = -x + 697 - 681. What is the remainder when k is divided by x?
14
Let d = -325 + 585. Suppose -6*r + 4*j + 214 = -3*r, -4*r = j - d. Calculate the remainder when r is divided by 14.
10
Suppose -16*s + 29*s = 65. Suppose -s*u = -p - 4*u + 230, 4*p - 2*u = 930. Calculate the remainder when p is divided by 36.
19
Let k(u) = u - 2. Let z be k(2). Let v(s) = -s + 62. Let w = -7114 + 7130. What is the remainder when v(z) is divided by w?
14
Let u(o) = -o**2 - 2*o + 5. Let w be u(-4). Calculate the remainder when 28 is divided by (1 - -4) + 4 + w.
4
Let t(w) = 17*w**2 - 20*w + 181. Let i(f) = 3*f**2 - 4*f + 36. Let l(y) = 11*i(y) - 2*t(y). Calculate the remainder when 22 is divided by l(-8).
0
Let v = 3089 + -2984. What is the remainder when v is divided by 80?
25
Suppose l = -27*l - 755 + 6859. What is the remainder when 270 is divided by l?
52
Let u be (-1 - 1)/(2/(-165)*-5). Calculate the remainder when 8/(-44) - 666/u is divided by 7.
6
Calculate the remainder when 1032 is divided by (0 - 3 - -12*4/(-32))*-18.
60
Let l(x) be the first derivative of -x**3 - 33*x**2/2 + 22*x - 254. Let c = 126 + -63. What is the remainder when c is divided by l(-11)?
19
Let u = 82 + -72. Suppose -z + 23 = 2*x, 50 = 5*x + 5*z - u. What is the remainder when 30 is divided by x?
8
Suppose 4*c = -y + 1587, 1104 + 497 = 4*c + 3*y. What is the remainder when 1215 is divided by c?
30
Let j(l) = 10*l**2 - 383*l - 109. Calculate the remainder when j(41) is divided by 7.
4
Let u(h) = h**3 - 6*h**2 + h - 6. Let f be u(6). Let p be 0 + f + 6 + -3. Let v(z) = z**3 + 4*z. Calculate the remainder when 114 is divided by v(p).
36
Suppose 9150*h - 9147*h - 822 = 5*s, 0 = -3*h + 3*s + 846. What is the remainder when h is divided by (3*1)/((-1)/(-11